{"id":10,"date":"2024-02-11T12:43:40","date_gmt":"2024-02-11T11:43:40","guid":{"rendered":"https:\/\/sonnenhof-marbeck.de\/?page_id=10"},"modified":"2026-05-03T12:33:54","modified_gmt":"2026-05-03T10:33:54","slug":"startseite","status":"publish","type":"page","link":"https:\/\/sonnenhof-marbeck.de\/","title":{"rendered":"Startseite"},"content":{"rendered":"\n<hr class=\"wp-block-separator aligncenter has-alpha-channel-opacity is-style-wide\"\/>\n\n\n<div class=\"ditty ditty--pre\" data-id=\"368\" data-uniqid=\"ditty-69fdc943d79fd\" data-display=\"370\" data-display_settings=\"{}\"><\/div>\n\n\n<hr class=\"wp-block-separator aligncenter has-alpha-channel-opacity is-style-wide\"\/>\n\n\n\n<h2 class=\"wp-block-heading\">Herzlich Willkommen beim \/ Hartelijk welkom bij Sonnenhof Marbeck!<\/h2>\n\n\n\n<p class=\"has-background\" style=\"background:linear-gradient(135deg,rgba(252,185,0,0.52) 0%,rgb(255,105,0) 100%)\">Aktuell gibt es keine freien Dauerstellpl\u00e4tze mehr (Stand Mai 2026)! Interessenten f\u00fcr eine Warteliste kontaktieren bitte den <a href=\"https:\/\/sonnenhof-marbeck.de\/?page_id=44\">Vorstand<\/a>.<\/p>\n\n\n\n<p class=\"has-background\" style=\"background:linear-gradient(325deg,rgba(252,185,0,0.59) 0%,rgb(255,105,0) 100%)\">Momenteel zijn er geen vrije vaste staanplaatsen meer (stand mei 2026)! Ge\u00efnteresseerden voor een wachtlijst kunnen contact opnemen met het <a href=\"https:\/\/sonnenhof-marbeck.de\/?page_id=44\" target=\"_blank\" rel=\"noreferrer noopener\">bestuur<\/a>.<\/p>\n\n\n\n<hr class=\"wp-block-separator aligncenter has-alpha-channel-opacity is-style-wide\"\/>\n\n\n\n<h2 class=\"wp-block-heading\">Zur Buchungsanfrage f\u00fcr G\u00e4ste geht es <a href=\"https:\/\/sonnenhof-marbeck.de\/?page_id=6\" data-type=\"page\" data-id=\"6\">hier lang<\/a>.<\/h2>\n\n\n\n<p class=\"has-black-color has-text-color has-link-color wp-elements-861b8b9e72e4aea2a0b9d5f6f17dce51\" style=\"font-size:16px\"><strong>Bitte stellt eure Buchungsanfragen nur \u00fcber das Buchungsformular! <\/strong>Das erleichtert und beschleunigt die Bearbeitung deutlich.<\/p>\n\n\n\n<p class=\"has-black-color has-text-color has-link-color wp-elements-db6b2fadf743e0fb2e238bd0835b8c6b\" style=\"font-size:16px\"><strong>Einchecken ab 14 Uhr <\/strong>am Anreisetag. <strong>Auschecken bis 12 Uhr<\/strong> am Abreisetag.<\/p>\n\n\n\n<hr class=\"wp-block-separator aligncenter has-alpha-channel-opacity is-style-wide\"\/>\n\n\n\n<h2 class=\"wp-block-heading\">Der Sonnenhof in den Medien und im Internet<\/h2>\n\n\n\n<figure class=\"wp-block-image size-large\"><a href=\"https:\/\/www.facebook.com\/share\/p\/NYziLio3tNe5fYmX\/\" target=\"_blank\" rel=\"noreferrer noopener\"><img loading=\"lazy\" decoding=\"async\" width=\"1024\" height=\"619\" src=\"https:\/\/sonnenhof-marbeck.de\/wp-content\/uploads\/2024\/08\/Sonnenhof_auf-Facebook.png-1024x619.png\" alt=\"\" class=\"wp-image-465\" srcset=\"https:\/\/sonnenhof-marbeck.de\/wp-content\/uploads\/2024\/08\/Sonnenhof_auf-Facebook.png-1024x619.png 1024w, https:\/\/sonnenhof-marbeck.de\/wp-content\/uploads\/2024\/08\/Sonnenhof_auf-Facebook.png-300x181.png 300w, https:\/\/sonnenhof-marbeck.de\/wp-content\/uploads\/2024\/08\/Sonnenhof_auf-Facebook.png-768x464.png 768w, https:\/\/sonnenhof-marbeck.de\/wp-content\/uploads\/2024\/08\/Sonnenhof_auf-Facebook.png.png 1129w\" sizes=\"auto, (max-width: 767px) 89vw, (max-width: 1000px) 54vw, (max-width: 1071px) 543px, 580px\" \/><\/a><\/figure>\n\n\n\n<figure class=\"wp-block-image size-full\"><a href=\"https:\/\/www.facebook.com\/share\/p\/NYziLio3tNe5fYmX\/\" target=\"_blank\" rel=\"noreferrer noopener\"><img loading=\"lazy\" decoding=\"async\" width=\"615\" height=\"66\" src=\"https:\/\/sonnenhof-marbeck.de\/wp-content\/uploads\/2024\/08\/DFK.png.png\" alt=\"\" class=\"wp-image-468\" srcset=\"https:\/\/sonnenhof-marbeck.de\/wp-content\/uploads\/2024\/08\/DFK.png.png 615w, https:\/\/sonnenhof-marbeck.de\/wp-content\/uploads\/2024\/08\/DFK.png-300x32.png 300w\" sizes=\"auto, (max-width: 615px) 100vw, 615px\" \/><\/a><\/figure>\n\n\n\n<p>Der Sonnenhof Marbeck, der Marbecker Bund in Borken, ist eine Naturistenoase&#8230;<\/p>\n\n\n\n<p>Inmitten einer wundersch\u00f6nen l\u00e4ndlichen Landschaft, nah an der Stadt Borken, befindet sich dieser au\u00dfergew\u00f6hnliche Verein, der sogar eine eigene Villa als Vereinsheim hat.<\/p>\n\n\n\n<p>Zentral angeordnet gibt es das Schwimmbad, den Kiosk und das moderne, neu renovierte Sanit\u00e4rhaus. In der Mitte ist die Sport- und Spielfl\u00e4che und wenn die Glocke am Kiosk bimmelt, gibt es Eis, Kuchen und Getr\u00e4nke. Hier wirst Du dich direkt heimisch f\u00fchlen, auch weil die Mitglieder ausgesprochen nett sind.<\/p>\n\n\n\n<p>\u00dcbrigens &#8211; in der Villa gibt es ein Apartment und 2 Zimmer, die man mieten kann&#8230;<\/p>\n\n\n\n<hr class=\"wp-block-separator has-alpha-channel-opacity\"\/>\n\n\n\n<hr class=\"wp-block-separator has-alpha-channel-opacity\"\/>\n\n\n<div class=\"wp-block-image\">\n<figure class=\"aligncenter size-full\"><a href=\"https:\/\/www.reisefuehrer-fkk.de\/de\/naturisten-camping\/589\/sonnenhof-marbeck.html\" target=\"_blank\" rel=\"noreferrer noopener\"><img loading=\"lazy\" decoding=\"async\" width=\"353\" height=\"183\" src=\"https:\/\/sonnenhof-marbeck.de\/wp-content\/uploads\/2024\/04\/sonnenhof-reisefuehrer-fkk.png.png\" alt=\"\" class=\"wp-image-351\" srcset=\"https:\/\/sonnenhof-marbeck.de\/wp-content\/uploads\/2024\/04\/sonnenhof-reisefuehrer-fkk.png.png 353w, https:\/\/sonnenhof-marbeck.de\/wp-content\/uploads\/2024\/04\/sonnenhof-reisefuehrer-fkk.png-300x156.png 300w\" sizes=\"auto, (max-width: 353px) 100vw, 353px\" \/><\/a><figcaption class=\"wp-element-caption\">Anklicken, um zur Website zu kommen<\/figcaption><\/figure>\n<\/div>\n\n\n<hr class=\"wp-block-separator has-alpha-channel-opacity\"\/>\n\n\n<div class=\"wp-block-image\">\n<figure class=\"aligncenter size-full is-resized\"><a href=\"https:\/\/www.borkenerzeitung.de\/lokales\/borken\/Laengste-FKK-Fruehstueckstafel-der-Welt-Pokal-bleibt-in-Marbeck-139464.html\" target=\"_blank\" rel=\"noreferrer noopener\"><img loading=\"lazy\" decoding=\"async\" width=\"364\" height=\"639\" src=\"https:\/\/sonnenhof-marbeck.de\/wp-content\/uploads\/2024\/04\/sonnenhof-borkenerzeitung.png.png\" alt=\"\" class=\"wp-image-349\" style=\"width:364px;height:auto\" srcset=\"https:\/\/sonnenhof-marbeck.de\/wp-content\/uploads\/2024\/04\/sonnenhof-borkenerzeitung.png.png 364w, https:\/\/sonnenhof-marbeck.de\/wp-content\/uploads\/2024\/04\/sonnenhof-borkenerzeitung.png-171x300.png 171w\" sizes=\"auto, (max-width: 364px) 100vw, 364px\" \/><\/a><figcaption class=\"wp-element-caption\">Anklicken, um zur Website zu kommen<\/figcaption><\/figure>\n<\/div>\n\n\n<hr class=\"wp-block-separator aligncenter has-alpha-channel-opacity is-style-wide\"\/>\n\n\n<div class=\"wp-block-image\">\n<figure class=\"aligncenter size-full\"><img loading=\"lazy\" decoding=\"async\" width=\"567\" height=\"181\" src=\"https:\/\/sonnenhof-marbeck.de\/wp-content\/uploads\/2024\/02\/marbeck_logo_-neu.jpg\" alt=\"\" class=\"wp-image-107\" srcset=\"https:\/\/sonnenhof-marbeck.de\/wp-content\/uploads\/2024\/02\/marbeck_logo_-neu.jpg 567w, https:\/\/sonnenhof-marbeck.de\/wp-content\/uploads\/2024\/02\/marbeck_logo_-neu-300x96.jpg 300w\" sizes=\"auto, (max-width: 567px) 100vw, 567px\" \/><\/figure>\n<\/div>\n\n\n<h2 class=\"wp-block-heading\">Wir sind Mitglied bei&#8230;<\/h2>\n\n\n\n<div class=\"wp-block-columns is-layout-flex wp-container-core-columns-is-layout-9d6595d7 wp-block-columns-is-layout-flex\">\n<div class=\"wp-block-column is-layout-flow wp-block-column-is-layout-flow\"><div class=\"wp-block-image\">\n<figure class=\"aligncenter size-full\"><img loading=\"lazy\" decoding=\"async\" width=\"330\" height=\"330\" src=\"https:\/\/sonnenhof-marbeck.de\/wp-content\/uploads\/2024\/02\/14-37-56-fsgnwlogo2-56f335f6.jpeg\" alt=\"\" class=\"wp-image-90\" srcset=\"https:\/\/sonnenhof-marbeck.de\/wp-content\/uploads\/2024\/02\/14-37-56-fsgnwlogo2-56f335f6.jpeg 330w, https:\/\/sonnenhof-marbeck.de\/wp-content\/uploads\/2024\/02\/14-37-56-fsgnwlogo2-56f335f6-300x300.jpeg 300w, https:\/\/sonnenhof-marbeck.de\/wp-content\/uploads\/2024\/02\/14-37-56-fsgnwlogo2-56f335f6-150x150.jpeg 150w, https:\/\/sonnenhof-marbeck.de\/wp-content\/uploads\/2024\/02\/14-37-56-fsgnwlogo2-56f335f6-100x100.jpeg 100w\" sizes=\"auto, (max-width: 330px) 100vw, 330px\" \/><\/figure>\n<\/div><\/div>\n\n\n\n<div class=\"wp-block-column is-layout-flow wp-block-column-is-layout-flow\"><div class=\"wp-block-image\">\n<figure class=\"aligncenter size-full\"><img loading=\"lazy\" decoding=\"async\" width=\"220\" height=\"220\" src=\"https:\/\/sonnenhof-marbeck.de\/wp-content\/uploads\/2024\/02\/14-38-05-logodfk-040a4da6.jpeg\" alt=\"\" class=\"wp-image-91\" srcset=\"https:\/\/sonnenhof-marbeck.de\/wp-content\/uploads\/2024\/02\/14-38-05-logodfk-040a4da6.jpeg 220w, https:\/\/sonnenhof-marbeck.de\/wp-content\/uploads\/2024\/02\/14-38-05-logodfk-040a4da6-150x150.jpeg 150w, https:\/\/sonnenhof-marbeck.de\/wp-content\/uploads\/2024\/02\/14-38-05-logodfk-040a4da6-100x100.jpeg 100w\" sizes=\"auto, (max-width: 220px) 100vw, 220px\" \/><\/figure>\n<\/div><\/div>\n\n\n\n<div class=\"wp-block-column is-layout-flow wp-block-column-is-layout-flow\"><div class=\"wp-block-image\">\n<figure class=\"aligncenter size-full\"><img loading=\"lazy\" decoding=\"async\" width=\"775\" height=\"356\" src=\"https:\/\/sonnenhof-marbeck.de\/wp-content\/uploads\/2024\/02\/cropped-fsg-logo.png\" alt=\"\" class=\"wp-image-99\" srcset=\"https:\/\/sonnenhof-marbeck.de\/wp-content\/uploads\/2024\/02\/cropped-fsg-logo.png 775w, https:\/\/sonnenhof-marbeck.de\/wp-content\/uploads\/2024\/02\/cropped-fsg-logo-300x138.png 300w, https:\/\/sonnenhof-marbeck.de\/wp-content\/uploads\/2024\/02\/cropped-fsg-logo-768x353.png 768w\" sizes=\"auto, (max-width: 767px) 89vw, (max-width: 1000px) 54vw, (max-width: 1071px) 543px, 580px\" \/><\/figure>\n<\/div><\/div>\n<\/div>\n","protected":false},"excerpt":{"rendered":"<p>Herzlich Willkommen beim \/ Hartelijk welkom bij Sonnenhof Marbeck! Aktuell gibt es keine freien Dauerstellpl\u00e4tze mehr (Stand Mai 2026)! Interessenten f\u00fcr eine Warteliste kontaktieren bitte den Vorstand. Momenteel zijn er geen vrije vaste staanplaatsen meer (stand mei 2026)! Ge\u00efnteresseerden voor een wachtlijst kunnen contact opnemen met het bestuur. Zur Buchungsanfrage f\u00fcr G\u00e4ste geht es hier &hellip; <\/p>\n<p class=\"link-more\"><a href=\"https:\/\/sonnenhof-marbeck.de\/\" class=\"more-link\"><span class=\"screen-reader-text\">\u201eStartseite\u201c <\/span>weiterlesen<\/a><\/p>\n","protected":false},"author":1,"featured_media":0,"parent":0,"menu_order":0,"comment_status":"closed","ping_status":"closed","template":"","meta":{"footnotes":""},"class_list":["post-10","page","type-page","status-publish","hentry"],"_links":{"self":[{"href":"https:\/\/sonnenhof-marbeck.de\/index.php?rest_route=\/wp\/v2\/pages\/10","targetHints":{"allow":["GET"]}}],"collection":[{"href":"https:\/\/sonnenhof-marbeck.de\/index.php?rest_route=\/wp\/v2\/pages"}],"about":[{"href":"https:\/\/sonnenhof-marbeck.de\/index.php?rest_route=\/wp\/v2\/types\/page"}],"author":[{"embeddable":true,"href":"https:\/\/sonnenhof-marbeck.de\/index.php?rest_route=\/wp\/v2\/users\/1"}],"replies":[{"embeddable":true,"href":"https:\/\/sonnenhof-marbeck.de\/index.php?rest_route=%2Fwp%2Fv2%2Fcomments&post=10"}],"version-history":[{"count":10,"href":"https:\/\/sonnenhof-marbeck.de\/index.php?rest_route=\/wp\/v2\/pages\/10\/revisions"}],"predecessor-version":[{"id":813,"href":"https:\/\/sonnenhof-marbeck.de\/index.php?rest_route=\/wp\/v2\/pages\/10\/revisions\/813"}],"wp:attachment":[{"href":"https:\/\/sonnenhof-marbeck.de\/index.php?rest_route=%2Fwp%2Fv2%2Fmedia&parent=10"}],"curies":[{"name":"wp","href":"https:\/\/api.w.org\/{rel}","templated":true}]}}